 is -1 + 52749222?
52749221
In base 15, what is -10 + 154942b?
154941b
In base 10, what is 3683 - -166738?
170421
In base 11, what is 629a + -442?
5958
In base 12, what is 1085110 + 17?
1085127
In base 7, what is 12614 - 1550?
11034
In base 9, what is -2717 + 426484?
423666
In base 7, what is -43610025 + 234?
-43606461
In base 10, what is 404845650 + -2?
404845648
In base 8, what is -220 - 166537?
-166757
In base 6, what is -54525 - 12213?
-111142
In base 14, what is 2 + 109dac97?
109dac99
In base 5, what is -3130 - -41230141?
41222011
In base 9, what is -4 + 2137444?
2137440
In base 9, what is -372877 + 550?
-372327
In base 3, what is -10001020101120 - -10?
-10001020101110
In base 13, what is -27790a7 - -5?
-27790a2
In base 12, what is b + -381758?
-381749
In base 11, what is -5 + -2077075?
-207707a
In base 10, what is 4629 - -10795?
15424
In base 14, what is -2dc + -c17?
-1115
In base 10, what is 28428 + 180?
28608
In base 16, what is -3 + 7eb9e2?
7eb9df
In base 3, what is 10222000211121121 + -11?
10222000211121110
In base 8, what is 3 - -6037125?
6037130
In base 13, what is -5ac09 - 1a4?
-5b0b0
In base 5, what is 40 + -1100143221?
-1100143131
In base 10, what is -83 + -67723?
-67806
In base 9, what is -6404266 + -17?
-6404284
In base 2, what is 11001111 - -10110010000001100101?
10110010000100110100
In base 11, what is -7aa - 16795?
-17494
In base 11, what is -589a7 + -4869?
-62765
In base 6, what is 50345 + 5052310?
5143055
In base 12, what is -16a7 + -2567?
-4052
In base 14, what is 6019136 + 5?
601913b
In base 9, what is -565 + -12108?
-12674
In base 15, what is -2 + c047b5?
c047b3
In base 12, what is 2 - 32170668?
-32170666
In base 9, what is 2043357 + -5?
2043352
In base 9, what is 2367 - -2862?
5340
In base 9, what is -11121561 - 68?
-11121640
In base 16, what is 6 + 39f7592?
39f7598
In base 5, what is -2202404004 - -1241?
-2202402213
In base 10, what is 50418 + -423?
49995
In base 12, what is 3851 + -7b51?
-4300
In base 15, what is -5784 + -29b?
-5a30
In base 12, what is 85b7876 - 12?
85b7864
In base 7, what is 203 + -552635?
-552432
In base 14, what is -1a + -42296?
-422b2
In base 5, what is 304334 - -3131?
313020
In base 2, what is 10111110011000101101001 - -1000?
10111110011000101110001
In base 7, what is 140326146 - 0?
140326146
In base 5, what is -222201 + 1440140?
1212434
In base 10, what is 28406843 + 5?
28406848
In base 6, what is -5221453 + 10405?
-5211044
In base 10, what is 0 - -77090972?
77090972
In base 9, what is -7380 + -3001?
-11381
In base 14, what is c4b305a - -2?
c4b305c
In base 5, what is -12242311 - 414?
-12243230
In base 12, what is -1b852 + -b89?
-2081b
In base 7, what is 3 - 3152424?
-3152421
In base 14, what is 18 - 2a0ab8d?
-2a0ab75
In base 4, what is 1001 + -12221300313?
-12221233312
In base 15, what is b8c19 + 8e?
b8ca8
In base 10, what is 116 - -513461?
513577
In base 9, what is -80680 + -357?
-81147
In base 12, what is -5 - 51b033?
-51b038
In base 16, what is 7 + -d0d59?
-d0d52
In base 9, what is -5233046 + -1?
-5233047
In base 2, what is -10100100100101 - -10000101010100?
-11111010001
In base 8, what is 17143 + -47702?
-30537
In base 15, what is -13a40d - -65?
-13a398
In base 3, what is 1212222002022212210 + -11?
1212222002022212122
In base 3, what is -10122111120021 + -110202?
-10122112001000
In base 5, what is 4 - 1043144330310?
-1043144330301
In base 3, what is -10210200012 + 122120?
-10210000122
In base 7, what is 54 - 1526400?
-1526313
In base 5, what is 4043310322 + -11?
4043310311
In base 7, what is 2232063641 - -26?
2232064000
In base 4, what is -1 + 10101312313?
10101312312
In base 6, what is -202 + 11213513?
11213311
In base 3, what is -1222102210022201 - -2?
-1222102210022122
In base 2, what is 101110111010101 - 10001110?
101110101000111
In base 15, what is -b0d594 - a?
-b0d59e
In base 16, what is -10a341e + f?
-10a340f
In base 15, what is 1206 + -4eb?
c0a
In base 4, what is 100310313001 + -12?
100310312323
In base 7, what is -42 - -10661500?
10661425
In base 2, what is -100101000 + 1010001001001011?
1010000100100011
In base 2, what is -101100011101101100111000 + -10?
-101100011101101100111010
In base 7, what is 61 + 513040?
513131
In base 6, what is 315254322 - -4?
315254330
In base 5, what is 14 - -1001410432?
1001411001
In base 7, what is 302264 + -336?
301625
In base 5, what is -120200020 - 1210?
-120201230
In base 5, what is 3210124323 + -10?
3210124313
In base 5, what is -44131424 + -2?
-44131431
In base 9, what is -2881841 + -40?
-2881881
In base 6, what is 5 - 40410333?
-40410324
In base 7, what is -1053133 + -163?
-1053326
In base 11, what is -183702 - -36?
-183677
In base 13, what is 163a - 40b?
122c
In base 5, what is -12210 + -231343?
-244103
In base 10, what is -2335382 + 12?
-2335370
In base 11, what is -144201 + 2303?
-1419a9
In base 3, what is 11212 + -1102121011221?
-1102121000002
In base 5, what is -430204222223 - 11?
-430204222234
In base 13, what is 14c + -221207?
-221088
In base 2, what is -101 - -111100100011001001100?
111100100011001000111
In base 7, what is 14104 + -5061?
6013
In base 13, what is -4 + -101ca07?
-101ca0b
In base 12, what is 4b2 - -19086a?
191160
In base 2, what is -1100110011111 + -100000111000?
-10000111010111
In base 7, what is -364621 + -210?
-365131
In base 8, what is 31762425 - -17?
31762444
In base 4, what is 31331 + 2111213?
2203210
In base 14, what is -15193 - 135?
-152c8
In base 7, what is -23565031 + 1063?
-23563635
In base 9, what is -18048 + 767?
-17171
In base 9, what is -1132866 - 50?
-1133026
In base 11, what is a5a5a - -130?
a608a
In base 2, what is -1001011000111100011111100000 + 11?
-1001011000111100011111011101
In base 11, what is 6918a851 - 0?
6918a851
In base 10, what is 2 + 18345665?
18345667
In base 13, what is -4 + 4ba6911?
4ba690a
In base 10, what is -323 - -189201?
188878
In base 15, what is 34 - 10922?
-108dd
In base 14, what is -260 + 76a?
50a
In base 6, what is -43053333441 + -2?
-43053333443
In base 2, what is -11111000110 - 111110110100?
-1011101111010
In base 4, what is 332032132 + 130?
332032322
In base 12, what is 1865196 - 23?
1865173
In base 8, what is -126512 - -1516?
-124774
In base 5, what is -143 + 24313231?
24313033
In base 2, what is 111000010011 - -101100111101001010?
101101110101011101
In base 6, what is 151450 + -10553?
140453
In base 13, what is 4a3c0 + 3?
4a3c3
In base 9, what is -154 + -12372646?
-12372811
In base 8, what is 2065 + 63672?
65757
In base 2, what is -1111011110000100001 - 100000001?
-1111011110100100010
In base 9, what is 12 - 2236448?
-2236436
In base 5, what is 100310320004 + 2?
100310320011
In base 13, what is 3254 - -1319?
4570
In base 5, what is 32132 - 2241440?
-2204303
In base 8, what is 27203355 + 2?
27203357
In base 7, what is 60 + -2101032?
-2100642
In base 5, what is 11004202330 - 12?
11004202313
In base 16, what is -a39 + bb18?
b0df
In base 9, what is 12738 - 1430?
11308
In base 7, what is 40202 - 2165?
35004
In base 12, what is -86477 + 645?
-85a32
In base 6, what is 403 - 415234?
-414431
In base 3, what is 22022102 - 112100021?
-20000212
In base 2, what is -1110101010 + -110011111110?
-1000010101000
In base 8, what is 537442045 + 5?
537442052
In base 5, what is 4223322 - 44?
4223223
In base 13, what is -7 - a1094?
-a109b
In base 11, what is -1704721 - 15?
-1704736
In base 2, what is 1101010010011111101111 + 100?
1101010010011111110011
In base 13, what is 16b5 + -226?
148c
In base 8, what is 2005 - 62256?
-60251
In base 3, what is -11221020110 - -1112220?
-11212200120
In base 2, what is -10111010111000 - 10110010101?
-11010001001101
In base 15, what is -61 - 124c05?
-124c66
In base 13, what is -90 - -9ba64b?
9ba58b
In base 5, what is 11303133301 + -1?
11303133300
In base 5, what is 300403 + -12342?
233011
In base 2, what is 11010 + -10111010110111001011?
-10111010110110110001
In base 10, what is -12 + -11530091?
-11530103
In base 3, what is 12122101220010 - 1101?
12122101211202
In base 14, what is -36d1218 + 9?
-36d120d
In base 2, what is -11 - -1000110111111101101000000?
1000110111111101100111101
In base 9, what is 3 + -103250663?
-103250660
In base 5, what is 103 + -10220220110?
-10220220002
In base 5, what is 431202 - -1321314?
2303021
In base 7, what is 45416 + 5242?
5366